{"id":154,"date":"2020-03-08T23:22:34","date_gmt":"2020-03-08T22:22:34","guid":{"rendered":"http:\/\/psihoterapija.localhost\/?page_id=154"},"modified":"2021-06-01T18:49:14","modified_gmt":"2021-06-01T16:49:14","slug":"zakazivanje","status":"publish","type":"page","link":"https:\/\/terapija.in.rs\/index.php\/zakazivanje\/","title":{"rendered":"Zakazivanje"},"content":{"rendered":"\n<h1 class=\"text-center\" style=\"padding-top:5%;\n\tpadding-bottom:5%;\n\tborder-top: 1px solid #ececec;\">Zakazivanje<\/h1>\n\n\n\n<p>Ukoliko ste zainteresovani da radite na sebi, javite se i zaka\u017eite terapiju na slede\u0107e na\u010dine:<\/p>\n\n\n\n<ul class=\"wp-block-list\"><li>E-mail: <a href=\"mailto:psihoterapeut035@gmail.com\">psihoterapeut035@gmail.com<\/a><\/li><li>Sms ili poziv na broj +381-69-113-89-12<\/li><\/ul>\n\n\n\n<div class=\"wp-block-contact-widgets-social-block\"><h2 class=\"social-title\">Tako\u0111e, mo\u017eete me kontaktirati na slede\u0107im mre\u017eama<br\/><\/h2><ul class=\"social-icons\"><li class=\"has-label\"><a href=\"https:\/\/www.facebook.com\/O.TApsihoterapiji\" title=\"\u00a0Facebook\"><i class=\"fa fa-2x fa-facebook\"><\/i>\u00a0Facebook<\/a><\/li><li class=\"has-label\"><a href=\"skype:live:.cid.184bfa0b39455073?chat\" title=\"\u00a0Skype\"><i class=\"fa fa-2x fa-skype\"><\/i>\u00a0Skype<\/a><\/li><li class=\"has-label\"><a href=\"https:\/\/www.instagram.com\/na_terapiji\" title=\"\u00a0Instagram\"><i class=\"fa fa-2x fa-instagram\"><\/i>\u00a0Instagram<\/a><\/li><li class=\"has-label\"><a href=\"https:\/\/www.whatsapp.com\/0691138912\" title=\"\u00a0WhatsApp\"><i class=\"fa fa-2x fa-whatsapp\"><\/i>\u00a0WhatsApp<\/a><\/li><\/ul><\/div>\n","protected":false},"excerpt":{"rendered":"<p>Zakazivanje Ukoliko ste zainteresovani da radite na sebi, javite se i zaka\u017eite terapiju na slede\u0107e na\u010dine: E-mail: psihoterapeut035@gmail.com Sms ili poziv na broj +381-69-113-89-12<\/p>\n","protected":false},"author":1,"featured_media":0,"parent":0,"menu_order":0,"comment_status":"closed","ping_status":"closed","template":"","meta":{"footnotes":""},"class_list":["post-154","page","type-page","status-publish","hentry"],"aioseo_notices":[],"_links":{"self":[{"href":"https:\/\/terapija.in.rs\/index.php\/wp-json\/wp\/v2\/pages\/154"}],"collection":[{"href":"https:\/\/terapija.in.rs\/index.php\/wp-json\/wp\/v2\/pages"}],"about":[{"href":"https:\/\/terapija.in.rs\/index.php\/wp-json\/wp\/v2\/types\/page"}],"author":[{"embeddable":true,"href":"https:\/\/terapija.in.rs\/index.php\/wp-json\/wp\/v2\/users\/1"}],"replies":[{"embeddable":true,"href":"https:\/\/terapija.in.rs\/index.php\/wp-json\/wp\/v2\/comments?post=154"}],"version-history":[{"count":21,"href":"https:\/\/terapija.in.rs\/index.php\/wp-json\/wp\/v2\/pages\/154\/revisions"}],"predecessor-version":[{"id":684,"href":"https:\/\/terapija.in.rs\/index.php\/wp-json\/wp\/v2\/pages\/154\/revisions\/684"}],"wp:attachment":[{"href":"https:\/\/terapija.in.rs\/index.php\/wp-json\/wp\/v2\/media?parent=154"}],"curies":[{"name":"wp","href":"https:\/\/api.w.org\/{rel}","templated":true}]}}